g + 79. Give o(1).
7
Let b(v) = -126*v + 883. Calculate b(7).
1
Let k(v) = -v**2 + 45*v - 29. Calculate k(0).
-29
Let b(j) = -30*j - 42. Determine b(-3).
48
Let b(h) = 3*h**2 - 16*h + 142. Determine b(13).
441
Let i(q) = 30*q - 101. Give i(7).
109
Let w(m) = 93*m + 2482. Give w(-27).
-29
Let k(i) = i**2 - 420*i + 2940. Give k(7).
49
Let u(n) = -176*n - 6521. Calculate u(-37).
-9
Let m(k) = -1982*k + 7928. What is m(4)?
0
Let d(p) = 7*p**3 + 147*p**2 + 5*p + 112. Give d(-21).
7
Let f(r) = -864*r + 1731. Determine f(2).
3
Let o(f) = 3*f**3 + 22*f**2 + 13*f + 19. Calculate o(-7).
-23
Let r(n) = -5*n - 460. Determine r(-94).
10
Let l(i) = 2*i**3 + 221*i**2 - 104*i + 781. What is l(-111)?
4
Let l(x) = x**3 - 12*x**2 + 20*x - 9. What is l(4)?
-57
Let i(y) = -47*y + 972. Calculate i(21).
-15
Let k(v) = v**2 - 4102*v - 28771. Give k(-7).
-8
Let p(y) = 10*y + 1093. Determine p(-91).
183
Let j(t) = -4*t**2 + 72*t - 111. What is j(15)?
69
Let u(i) = 2*i**2 - 13*i - 129. What is u(11)?
-30
Let q(b) = 2*b**3 + 6*b**2 + 78*b + 658. Determine q(-8).
-606
Let w(a) = a**3 + 7*a**2 + 8*a + 55. Calculate w(-7).
-1
Let n(s) = -s**2 - 145*s - 4942. Determine n(-57).
74
Let v(i) = -15*i**2 + 30*i + 7. Calculate v(2).
7
Let l(b) = -60*b**2 - b - 1. Determine l(-1).
-60
Let t(i) = -20*i**2 - 31*i + 3. What is t(2)?
-139
Let h(o) = -2*o**2 - 92*o - 465. What is h(-6)?
15
Let o(s) = 29*s - 257. What is o(8)?
-25
Let h(t) = 31*t + 4454. Calculate h(-144).
-10
Let k(x) = -97*x - 8594. Calculate k(-89).
39
Let s(o) = 6927*o - 34628. Determine s(5).
7
Let m(w) = 2*w + 2. Calculate m(-33).
-64
Let c(t) = 59*t**2 + 15*t + 39. Determine c(-2).
245
Let q(r) = r**3 + 9*r**2 + 34*r + 184. What is q(-8)?
-24
Let g(z) = -z**3 + 11*z**2 + 4*z + 251. Give g(13).
-35
Let k(n) = -n**3 + 2*n**2 - 75*n + 205. What is k(3)?
-29
Let h(j) = 3*j**2 - 22*j + 10. What is h(4)?
-30
Let r(t) = t**3 - 11*t**2 - 12*t - 60. Determine r(13).
122
Let z(h) = 237*h**3 - h**2 - 14*h + 16. What is z(1)?
238
Let m(z) = 24*z**2 - 18*z - 16. Determine m(2).
44
Let y(i) = i**3 + 23*i**2 - 168*i - 17. Give y(6).
19
Let m(y) = 16*y**3 + 513*y**2 + 26*y - 184. Give m(-32).
8
Let v(o) = 222*o - 885. Determine v(4).
3
Let a(j) = 540*j + 6479. Determine a(-12).
-1
Let q(v) = 2*v**2 - 95*v + 438. What is q(40)?
-162
Let v(w) = 24*w + 115. Calculate v(-7).
-53
Let l(q) = -q**2 - 112. Give l(0).
-112
Let c(f) = f**2 - 16*f + 36. Give c(14).
8
Let v(d) = 64*d**2 - 12. Determine v(-2).
244
Let l(p) = p**2 + 44*p - 300. Determine l(-50).
0
Let o(m) = -5*m + 288. What is o(-22)?
398
Let v(l) = -3*l + 192. Determine v(46).
54
Let c(t) = t**2 - 36*t + 174. Calculate c(6).
-6
Let b(q) = -q**3 - 4*q**2 + 212*q - 11. Determine b(-17).
142
Let y(l) = -17*l**2 + 80*l + 36. Give y(5).
11
Let c(h) = h**2 - 5*h - 85. Calculate c(-10).
65
Let f(y) = 3*y**2 + 33*y - 417. What is f(-17)?
-111
Let u(k) = -251*k - 2517. Calculate u(-10).
-7
Let a(h) = 46*h - 52. Determine a(1).
-6
Let l(k) = -2*k**3 - 17*k**2 - 37*k + 13. What is l(-5)?
23
Let k(g) = 289*g + 1435. What is k(-5)?
-10
Let z(a) = a**2 + 135*a + 3496. Give z(-100).
-4
Let l(u) = -108*u - 2845. Give l(-26).
-37
Let f(g) = 4*g**2 + 132*g - 12. Calculate f(-33).
-12
Let q(h) = -h**2 - 49*h - 140. Give q(-3).
-2
Let x(c) = -2*c**3 + 34*c**2 - 19*c - 202. Give x(16).
6
Let w(l) = -4*l - 90. Calculate w(19).
-166
Let r(b) = 2282*b - 4560. Give r(2).
4
Let d(x) = 20*x - 682. What is d(34)?
-2
Let i(u) = 23*u - 330. What is i(33)?
429
Let u(m) = -37*m - 76. What is u(-2)?
-2
Let p(l) = -l**3 - 12*l**2 + 14*l - 51. Give p(-15).
414
Let i(v) = 1587*v + 15851. Determine i(-10).
-19
Let g(h) = 676*h - 17586. Determine g(26).
-10
Let x(r) = -4*r**2 - 13*r + 218. Give x(6).
-4
Let r(x) = 31*x**3 + 27*x**2 + 54*x - 2. What is r(-2)?
-250
Let a(l) = 2*l**3 + 594*l**2 + 3498*l + 21. Give a(-6).
-15
Let m(v) = v**3 + 46*v**2 - 695*v + 40. Determine m(-58).
-18
Let n(y) = y**2 + 9*y + 5. Calculate n(-3).
-13
Let q(i) = -i**3 + 9*i**2 - 98*i + 860. Calculate q(9).
-22
Let k(h) = -h**3 + 17*h**2 + 138*h. Give k(-6).
0
Let v(k) = 6*k**3 + 1882*k**2 + 1252*k - 5. What is v(-313)?
-5
Let u(v) = v**3 - 19*v**2 - 127*v + 2138. Determine u(20).
-2
Let s(v) = -v**2 + 2*v + 325. Give s(20).
-35
Let m(v) = 59*v - 1442. What is m(27)?
151
Let a(k) = k**3 - 10*k**2 + 10*k + 42. What is a(6)?
-42
Let m(p) = 2*p**2 - 18*p + 8. Determine m(2).
-20
Let x(k) = -k**2 - 104*k - 201. Give x(-2).
3
Let r(a) = 8*a**2 - 227*a - 78. What is r(30)?
312
Let g(t) = 98*t + 289. Calculate g(-3).
-5
Let f(q) = 2*q**3 + 5*q**2 - 6*q - 62. Give f(0).
-62
Let u(j) = 17*j**2 - 2971*j - 711. What is u(175)?
-11
Let p(h) = -h**3 + 7*h**2 + 85*h + 26. What is p(-6)?
-16
Let x(a) = a**3 + a**2 - 3. Determine x(0).
-3
Let q(p) = 46*p - 84. Give q(2).
8
Let z(p) = -7*p**2 - 59*p - 108. Calculate z(-2).
-18
Let p(r) = r**3 + 5*r**2 + 15*r + 45. What is p(-4)?
1
Let h(m) = -m**3 + 7*m**2 - 256*m + 1240. Determine h(5).
10
Let k(j) = -332*j**3 + 668*j**2 - 5*j - 4. Determine k(2).
2
Let y(z) = -19*z**2 - 37*z - 7. Determine y(-5).
-297
Let x(n) = -3*n**2 + 70*n - 157. What is x(20)?
43
Let p(n) = -2*n**2 - 302*n - 1184. Give p(-4).
-8
Let m(g) = 3*g**2 - 12*g + 5. Calculate m(2).
-7
Let h(s) = 992*s + 6933. Determine h(-7).
-11
Let w(p) = p + 6. Determine w(-8).
-2
Let n(v) = 10*v + 128. Calculate n(-18).
-52
Let d(m) = 6*m**2 - 10*m + 44. Calculate d(4).
100
Let n(i) = i**3 - 8*i**2 + 391*i - 2322. What is n(6)?
-48
Let k(q) = -10*q**2 - 5*q - 44. What is k(-8)?
-644
Let v(y) = -y**3 - 31*y**2 - 72*y - 60. Determine v(-28).
-396
Let i(v) = -32*v**3 - 24*v**2 - 67*v - 5. Give i(-3).
844
Let m(v) = -43*v**2 - 357*v - 111. Calculate m(-8).
-7
Let n(v) = -2*v**3 - 9*v**2 - 702*v - 4313. What is n(-6)?
7
Let a(k) = -83*k + 409. Determine a(5).
-6
Let l(h) = h**3 - 8*h**2 - 11*h + 69. Determine l(3).
-9
Let q(m) = -m**3 - 128*m**2 - 238*m + 1756. Determine q(-126).
-8
Let u(k) = 4*k**2 - 14*k - 469. Give u(13).
25
Let r(x) = 2903*x - 5644. What is r(2)?
162
Let n(a) = 2525*a - 5048. Give n(2).
2
Let j(z) = 203*z**2 - 15*z + 13. Determine j(1).
201
Let k(h) = 326*h - 36182. What is k(111)?
4
Let z(i) = -9*i**3 + i**2 - 15*i - 15. Calculate z(-1).
10
Let b(c) = -41*c**3 + 3*c**2 - c - 2. Determine b(-1).
43
Let t(h) = h**3 - 22*h**2 - 2*h + 31. Calculate t(22).
-13
Let o(u) = -10*u**3 + 301*u**2 - 31*u + 32. Determine o(30).
2
Let l(s) = -5*s**2 - 250*s - 236. What is l(-49)?
9
Let r(b) = -801*b + 1602. What is r(2)?
0
Let z(f) = -f**2 - 9*f + 41. Determine z(-7).
55
Let h(y) = -y**2 - 39*y - 294. Give h(-5).
-124
Let f(q) = -q**3 + 21*q**2 - 64*q - 17. Give f(17).
51
Let s(b) = -983*b + 13752. What is s(14)?
-10
Let t(q) = -401*q**2 + 2*q - 1. Determine t(-1).
-404
Let k(i) = -33*i + 6368. Give k(193).
-1
Let o(n) = n**2 - 49*n + 549. Determine o(17).
5
Let c(j) = -j**2 - 33*j + 8830. Calculate c(79).
-18
Let r(a) = 599*a + 2396. Give r(-4).
0
Let g(j) = -74*j - 585. What is g(-8)?
7
Let d(q) = -q**3 - 20*q**2 - 23*q + 69. What is d(-17)?
-407
Let k(d) = -2*d**2 + 59*d - 60. What is k(1)?
-3
Let j(o) = o**3 + 103*o**2 + 841*o - 479. Determine j(-94).
-9
Let d(a) = 3*a**2 + 96*a + 7. Calculate d(-30).
-173
Let j(y) = -3*y**2 + 172*y + 128. Give j(58).
12
Let i(l) = 14*l**3 + 25*l**2 - 57*l - 105. What is i(-2)?
-3
Let a(b) = -291*b**3 + 6*b**2 - 7*b + 2. Determine a(1).
-290
Let k(v) = 213*v + 7487. Give k(-36).
-181
Let s(j) = 2*j - 133. What is s(19)?
-95
Let y(j) = -4*j**3 + 37*j**2 - 8*j - 8. What is y(9)?
1
Let y(u) = 11*u - 201. Calculate y(20).
19
Let z(w) = 34*w - 633. What is z(17)?
-55
Let z(a) = a**3 + 14*a**2 - 89*a - 509. What is z(-18)?
-203
Let m(b) = -30*b - 111. Calculate m(-3).
-21
Let v(x) = -4*x**2 + 68*x + 125. Calculate v(-2).
-27
Let r(g) = g**2 - 22*g + 139. Give r(15).
34
Let y(o) = o**2 - 115*o + 835. Calculate y(8).
-21
Let n(c) = -8*c**2 + 287*c - 258. Determine n(35).
-13
Let t(m) = 2*m**2 - 5*m - 102. Give t(-8).
66
Let c(j) = j**2 + 21*j - 286. Determine c(10).
24
Let x(l) = 32*l - 76. Calculate x(4).
52
Let f(t) = 187*t - 5622. What is f(30)?
-12
Let w(u) = 17*u**2 - 1762*u + 2852. What is w(102)?
-4
Let z(y) = y**2 - 1472*y + 17521. What is z(12)?
1
Let i(o) = 588*o - 2938. What is i(5)?
2
Let w(m) = 40